{"id":11411,"date":"2022-07-29T10:31:18","date_gmt":"2022-07-29T10:31:18","guid":{"rendered":"https:\/\/skrina.si\/?post_type=product&#038;p=11411"},"modified":"2024-04-12T23:57:09","modified_gmt":"2024-04-12T21:57:09","slug":"gustav-klimt-adele-bloch-bauer-grafika","status":"publish","type":"product","link":"https:\/\/skrina.si\/sl\/product\/gustav-klimt-adele-bloch-bauer-grafika\/","title":{"rendered":"Adele Bloch-Bauer"},"content":{"rendered":"","protected":false},"excerpt":{"rendered":"<h5>Portret <strong><em>Adele Bloch-Bauer<\/em><\/strong> je naro\u010dil njen mo\u017e Ferdinand Bloch-Bauer, judovski bankir in proizvajalec sladkorja. Bila je edina \u017eenska, ki jo je umetnik ve\u010dkrat portretiral, pozirala je tudi za Judito s Holofernovo glavo. Njena pripravljenost, da Klimtu slu\u017ei kot model (v \u010dasu, ko so tako \u017eensko o\u017eigosali kot pocestnico), ka\u017ee na njuno izjemno intimno povezanost. Klimt jo je upodobil v dobesedno kraljevski dr\u017ei. Njen obraz in roke so tako \u017eivi, kot si to lahko le \u017eelimo za portret, medtem, ko jo razko\u0161no ozadje v zlatu in srebru povzdiguje v bo\u017eanstvo. Sliko so nacisti leta 1941 ukradli in po vojni so se dedi\u010di dolga leta borili za lastni\u0161tvo, o \u010demer je posnet tudi film <strong><em>\u00bbDama v zlatu\u00ab<\/em><\/strong> s Helen Miren v glavni vlogi.<\/h5>\n<h6><em>Lastnosti:<\/em><\/h6>\n<ul>\n<li>\n<h6><em>Naslov dela:<\/em> <em>Adele Bloch-Bauer<\/em><\/h6>\n<\/li>\n<li>\n<h6><em>Tehnika: Umetni\u0161ka reprodukcija<\/em><\/h6>\n<\/li>\n<li>\n<h6><em>Zunanja dimenzija: 25 x 30 cm; 16 x 29 cm<\/em><\/h6>\n<\/li>\n<li>\n<h6><em>Omejena naklada <\/em><\/h6>\n<\/li>\n<li>\n<h6><em>Eleganten, brez\u010dasen dizajn<\/em><\/h6>\n<\/li>\n<li>\n<h6><em>Idealno darilo za ljubitelje Klimta in klasike<\/em><\/h6>\n<\/li>\n<\/ul>\n","protected":false},"featured_media":11412,"template":"","meta":{"_monsterinsights_skip_tracking":false,"_monsterinsights_sitenote_active":false,"_monsterinsights_sitenote_note":"","_monsterinsights_sitenote_category":0},"product_cat":[748],"product_tag":[],"aioseo_notices":[],"yoast_head":"<!-- This site is optimized with the Yoast SEO plugin v22.1 - https:\/\/yoast.com\/wordpress\/plugins\/seo\/ -->\n<title>Adele Bloch-Bauer - Etnogalerija Skrina<\/title>\n<meta name=\"robots\" content=\"index, follow, max-snippet:-1, max-image-preview:large, max-video-preview:-1\" \/>\n<link rel=\"canonical\" href=\"https:\/\/skrina.si\/sl\/product\/gustav-klimt-adele-bloch-bauer-grafika\/\" \/>\n<meta property=\"og:locale\" content=\"sl_SI\" \/>\n<meta property=\"og:locale:alternate\" content=\"en_GB\" \/>\n<meta property=\"og:type\" content=\"article\" \/>\n<meta property=\"og:title\" content=\"Adele Bloch-Bauer\" \/>\n<meta property=\"og:description\" content=\"Portret Adele Bloch-Bauer je naro\u010dil njen mo\u017e Ferdinand Bloch-Bauer, judovski bankir in proizvajalec sladkorja. Bila je edina \u017eenska, ki jo je umetnik ve\u010dkrat portretiral, pozirala je tudi za Judito s Holofernovo glavo. Njena pripravljenost, da Klimtu slu\u017ei kot model (v \u010dasu, ko so tako \u017eensko o\u017eigosali kot pocestnico), ka\u017ee na njuno izjemno intimno povezanost. Klimt jo je upodobil v dobesedno kraljevski dr\u017ei. Njen obraz in roke so tako \u017eivi, kot si to lahko le \u017eelimo za portret, medtem, ko jo razko\u0161no ozadje v zlatu in srebru povzdiguje v bo\u017eanstvo. Sliko so nacisti leta 1941 ukradli in po vojni so se dedi\u010di dolga leta borili za lastni\u0161tvo, o \u010demer je posnet tudi film \u00bbDama v zlatu\u00ab s Helen Miren v glavni vlogi. Lastnosti:    Naslov dela: Adele Bloch-Bauer    Tehnika: Umetni\u0161ka reprodukcija    Zunanja dimenzija: 25 x 30 cm; 16 x 29 cm    Omejena naklada     Eleganten, brez\u010dasen dizajn    Idealno darilo za ljubitelje Klimta in klasike\" \/>\n<meta property=\"og:url\" content=\"https:\/\/skrina.si\/sl\/product\/gustav-klimt-adele-bloch-bauer-grafika\/\" \/>\n<meta property=\"og:site_name\" content=\"Etnogalerija Skrina\" \/>\n<meta property=\"article:modified_time\" content=\"2024-04-12T21:57:09+00:00\" \/>\n<meta property=\"og:image\" content=\"https:\/\/skrina.si\/wp-content\/uploads\/2022\/07\/Gustav-Klimt-slika-Adele-Etno-galerija-Skrina.jpg\" \/>\n\t<meta property=\"og:image:width\" content=\"2000\" \/>\n\t<meta property=\"og:image:height\" content=\"1500\" \/>\n\t<meta property=\"og:image:type\" content=\"image\/jpeg\" \/>\n<meta name=\"twitter:card\" content=\"summary_large_image\" \/>\n<script type=\"application\/ld+json\" class=\"yoast-schema-graph\">{\"@context\":\"https:\/\/schema.org\",\"@graph\":[{\"@type\":\"WebPage\",\"@id\":\"https:\/\/skrina.si\/sl\/product\/gustav-klimt-adele-bloch-bauer-grafika\/\",\"url\":\"https:\/\/skrina.si\/sl\/product\/gustav-klimt-adele-bloch-bauer-grafika\/\",\"name\":\"[:sl]Adele Bloch-Bauer[:] - Etnogalerija Skrina\",\"isPartOf\":{\"@id\":\"https:\/\/skrina.si\/sl\/#website\"},\"datePublished\":\"2022-07-29T10:31:18+00:00\",\"dateModified\":\"2024-04-12T21:57:09+00:00\",\"breadcrumb\":{\"@id\":\"https:\/\/skrina.si\/sl\/product\/gustav-klimt-adele-bloch-bauer-grafika\/#breadcrumb\"},\"inLanguage\":\"sl-SI\",\"potentialAction\":[{\"@type\":\"ReadAction\",\"target\":[\"https:\/\/skrina.si\/sl\/product\/gustav-klimt-adele-bloch-bauer-grafika\/\"]}]},{\"@type\":\"BreadcrumbList\",\"@id\":\"https:\/\/skrina.si\/sl\/product\/gustav-klimt-adele-bloch-bauer-grafika\/#breadcrumb\",\"itemListElement\":[{\"@type\":\"ListItem\",\"position\":1,\"name\":\"Home\",\"item\":\"https:\/\/skrina.si\/\"},{\"@type\":\"ListItem\",\"position\":2,\"name\":\"Shop\",\"item\":\"https:\/\/skrina.si\/shop\/\"},{\"@type\":\"ListItem\",\"position\":3,\"name\":\"Adele Bloch-Bauer\"}]},{\"@type\":\"WebSite\",\"@id\":\"https:\/\/skrina.si\/sl\/#website\",\"url\":\"https:\/\/skrina.si\/sl\/\",\"name\":\"Etnogalerija Skrina\",\"description\":\"Tradicija s posluhom\",\"potentialAction\":[{\"@type\":\"SearchAction\",\"target\":{\"@type\":\"EntryPoint\",\"urlTemplate\":\"https:\/\/skrina.si\/sl\/?s={search_term_string}\"},\"query-input\":\"required name=search_term_string\"}],\"inLanguage\":\"sl-SI\"}]}<\/script>\n<!-- \/ Yoast SEO plugin. -->","yoast_head_json":{"title":"Adele Bloch-Bauer - Etnogalerija Skrina","robots":{"index":"index","follow":"follow","max-snippet":"max-snippet:-1","max-image-preview":"max-image-preview:large","max-video-preview":"max-video-preview:-1"},"canonical":"https:\/\/skrina.si\/sl\/product\/gustav-klimt-adele-bloch-bauer-grafika\/","og_locale":"sl_SI","og_type":"article","og_title":"[:sl]Adele Bloch-Bauer[:] - Etnogalerija Skrina","og_description":"[:sl]Portret Adele Bloch-Bauer je naro\u010dil njen mo\u017e Ferdinand Bloch-Bauer, judovski bankir in proizvajalec sladkorja. Bila je edina \u017eenska, ki jo je umetnik ve\u010dkrat portretiral, pozirala je tudi za Judito s Holofernovo glavo. Njena pripravljenost, da Klimtu slu\u017ei kot model (v \u010dasu, ko so tako \u017eensko o\u017eigosali kot pocestnico), ka\u017ee na njuno izjemno intimno povezanost. Klimt jo je upodobil v dobesedno kraljevski dr\u017ei. Njen obraz in roke so tako \u017eivi, kot si to lahko le \u017eelimo za portret, medtem, ko jo razko\u0161no ozadje v zlatu in srebru povzdiguje v bo\u017eanstvo. Sliko so nacisti leta 1941 ukradli in po vojni so se dedi\u010di dolga leta borili za lastni\u0161tvo, o \u010demer je posnet tudi film \u00bbDama v zlatu\u00ab s Helen Miren v glavni vlogi. Lastnosti:    Naslov dela: Adele Bloch-Bauer    Tehnika: Umetni\u0161ka reprodukcija    Zunanja dimenzija: 25 x 30 cm; 16 x 29 cm    Omejena naklada     Eleganten, brez\u010dasen dizajn    Idealno darilo za ljubitelje Klimta in klasike  [:]","og_url":"https:\/\/skrina.si\/sl\/product\/gustav-klimt-adele-bloch-bauer-grafika\/","og_site_name":"Etnogalerija Skrina","article_modified_time":"2024-04-12T21:57:09+00:00","og_image":[{"width":2000,"height":1500,"url":"https:\/\/skrina.si\/wp-content\/uploads\/2022\/07\/Gustav-Klimt-slika-Adele-Etno-galerija-Skrina.jpg","type":"image\/jpeg"}],"twitter_card":"summary_large_image","schema":{"@context":"https:\/\/schema.org","@graph":[{"@type":"WebPage","@id":"https:\/\/skrina.si\/sl\/product\/gustav-klimt-adele-bloch-bauer-grafika\/","url":"https:\/\/skrina.si\/sl\/product\/gustav-klimt-adele-bloch-bauer-grafika\/","name":"[:sl]Adele Bloch-Bauer[:] - Etnogalerija Skrina","isPartOf":{"@id":"https:\/\/skrina.si\/sl\/#website"},"datePublished":"2022-07-29T10:31:18+00:00","dateModified":"2024-04-12T21:57:09+00:00","breadcrumb":{"@id":"https:\/\/skrina.si\/sl\/product\/gustav-klimt-adele-bloch-bauer-grafika\/#breadcrumb"},"inLanguage":"sl-SI","potentialAction":[{"@type":"ReadAction","target":["https:\/\/skrina.si\/sl\/product\/gustav-klimt-adele-bloch-bauer-grafika\/"]}]},{"@type":"BreadcrumbList","@id":"https:\/\/skrina.si\/sl\/product\/gustav-klimt-adele-bloch-bauer-grafika\/#breadcrumb","itemListElement":[{"@type":"ListItem","position":1,"name":"Home","item":"https:\/\/skrina.si\/"},{"@type":"ListItem","position":2,"name":"Shop","item":"https:\/\/skrina.si\/shop\/"},{"@type":"ListItem","position":3,"name":"Adele Bloch-Bauer"}]},{"@type":"WebSite","@id":"https:\/\/skrina.si\/sl\/#website","url":"https:\/\/skrina.si\/sl\/","name":"Etnogalerija Skrina","description":"Tradicija s posluhom","potentialAction":[{"@type":"SearchAction","target":{"@type":"EntryPoint","urlTemplate":"https:\/\/skrina.si\/sl\/?s={search_term_string}"},"query-input":"required name=search_term_string"}],"inLanguage":"sl-SI"}]}},"_links":{"self":[{"href":"https:\/\/skrina.si\/sl\/wp-json\/wp\/v2\/product\/11411"}],"collection":[{"href":"https:\/\/skrina.si\/sl\/wp-json\/wp\/v2\/product"}],"about":[{"href":"https:\/\/skrina.si\/sl\/wp-json\/wp\/v2\/types\/product"}],"wp:featuredmedia":[{"embeddable":true,"href":"https:\/\/skrina.si\/sl\/wp-json\/wp\/v2\/media\/11412"}],"wp:attachment":[{"href":"https:\/\/skrina.si\/sl\/wp-json\/wp\/v2\/media?parent=11411"}],"wp:term":[{"taxonomy":"product_cat","embeddable":true,"href":"https:\/\/skrina.si\/sl\/wp-json\/wp\/v2\/product_cat?post=11411"},{"taxonomy":"product_tag","embeddable":true,"href":"https:\/\/skrina.si\/sl\/wp-json\/wp\/v2\/product_tag?post=11411"}],"curies":[{"name":"wp","href":"https:\/\/api.w.org\/{rel}","templated":true}]}}

<h5>Portret <strong><em>Adele Bloch-Bauer</em></strong> je naročil njen mož Ferdinand Bloch-Bauer, judovski bankir in proizvajalec sladkorja. Bila je edina ženska, ki jo je umetnik večkrat portretiral, pozirala je tudi za Judito s Holofernovo glavo. Njena pripravljenost, da Klimtu služi kot model (v času, ko so tako žensko ožigosali kot pocestnico), kaže na njuno izjemno intimno povezanost. Klimt jo je upodobil v dobesedno kraljevski drži. Njen obraz in roke so tako živi, kot si to lahko le želimo za portret, medtem, ko jo razkošno ozadje v zlatu in srebru povzdiguje v božanstvo. Sliko so nacisti leta 1941 ukradli in po vojni so se dediči dolga leta borili za lastništvo, o čemer je posnet tudi film <strong><em>»Dama v zlatu«</em></strong> s Helen Miren v glavni vlogi.</h5>
<h6><em>Lastnosti:</em></h6>
<ul>
<li>
<h6><em>Naslov dela:</em> <em>Adele Bloch-Bauer</em></h6>
</li>
<li>
<h6><em>Tehnika: Umetniška reprodukcija</em></h6>
</li>
<li>
<h6><em>Zunanja dimenzija: 25 x 30 cm; 16 x 29 cm</em></h6>
</li>
<li>
<h6><em>Omejena naklada </em></h6>
</li>
<li>
<h6><em>Eleganten, brezčasen dizajn</em></h6>
</li>
<li>
<h6><em>Idealno darilo za ljubitelje Klimta in klasike</em></h6>
</li>
</ul>

<!-- This site is optimized with the Yoast SEO plugin v22.1 - https://yoast.com/wordpress/plugins/seo/ -->
<title>Adele Bloch-Bauer - Etnogalerija Skrina</title>
<meta name="robots" content="index, follow, max-snippet:-1, max-image-preview:large, max-video-preview:-1" />
<link rel="canonical" href="https://skrina.si/sl/product/gustav-klimt-adele-bloch-bauer-grafika/" />
<meta property="og:locale" content="sl_SI" />
<meta property="og:locale:alternate" content="en_GB" />
<meta property="og:type" content="article" />
<meta property="og:title" content="Adele Bloch-Bauer" />
<meta property="og:description" content="Portret Adele Bloch-Bauer je naročil njen mož Ferdinand Bloch-Bauer, judovski bankir in proizvajalec sladkorja. Bila je edina ženska, ki jo je umetnik večkrat portretiral, pozirala je tudi za Judito s Holofernovo glavo. Njena pripravljenost, da Klimtu služi kot model (v času, ko so tako žensko ožigosali kot pocestnico), kaže na njuno izjemno intimno povezanost. Klimt jo je upodobil v dobesedno kraljevski drži. Njen obraz in roke so tako živi, kot si to lahko le želimo za portret, medtem, ko jo razkošno ozadje v zlatu in srebru povzdiguje v božanstvo. Sliko so nacisti leta 1941 ukradli in po vojni so se dediči dolga leta borili za lastništvo, o čemer je posnet tudi film »Dama v zlatu« s Helen Miren v glavni vlogi. Lastnosti:    Naslov dela: Adele Bloch-Bauer    Tehnika: Umetniška reprodukcija    Zunanja dimenzija: 25 x 30 cm; 16 x 29 cm    Omejena naklada     Eleganten, brezčasen dizajn    Idealno darilo za ljubitelje Klimta in klasike" />
<meta property="og:url" content="https://skrina.si/sl/product/gustav-klimt-adele-bloch-bauer-grafika/" />
<meta property="og:site_name" content="Etnogalerija Skrina" />
<meta property="article:modified_time" content="2024-04-12T21:57:09+00:00" />
<meta property="og:image" content="https://skrina.si/wp-content/uploads/2022/07/Gustav-Klimt-slika-Adele-Etno-galerija-Skrina.jpg" />
	<meta property="og:image:width" content="2000" />
	<meta property="og:image:height" content="1500" />
	<meta property="og:image:type" content="image/jpeg" />
<meta name="twitter:card" content="summary_large_image" />
<script type="application/ld+json" class="yoast-schema-graph">{"@context":"https://schema.org","@graph":[{"@type":"WebPage","@id":"https://skrina.si/sl/product/gustav-klimt-adele-bloch-bauer-grafika/","url":"https://skrina.si/sl/product/gustav-klimt-adele-bloch-bauer-grafika/","name":"[:sl]Adele Bloch-Bauer[:] - Etnogalerija Skrina","isPartOf":{"@id":"https://skrina.si/sl/#website"},"datePublished":"2022-07-29T10:31:18+00:00","dateModified":"2024-04-12T21:57:09+00:00","breadcrumb":{"@id":"https://skrina.si/sl/product/gustav-klimt-adele-bloch-bauer-grafika/#breadcrumb"},"inLanguage":"sl-SI","potentialAction":[{"@type":"ReadAction","target":["https://skrina.si/sl/product/gustav-klimt-adele-bloch-bauer-grafika/"]}]},{"@type":"BreadcrumbList","@id":"https://skrina.si/sl/product/gustav-klimt-adele-bloch-bauer-grafika/#breadcrumb","itemListElement":[{"@type":"ListItem","position":1,"name":"Home","item":"https://skrina.si/"},{"@type":"ListItem","position":2,"name":"Shop","item":"https://skrina.si/shop/"},{"@type":"ListItem","position":3,"name":"Adele Bloch-Bauer"}]},{"@type":"WebSite","@id":"https://skrina.si/sl/#website","url":"https://skrina.si/sl/","name":"Etnogalerija Skrina","description":"Tradicija s posluhom","potentialAction":[{"@type":"SearchAction","target":{"@type":"EntryPoint","urlTemplate":"https://skrina.si/sl/?s={search_term_string}"},"query-input":"required name=search_term_string"}],"inLanguage":"sl-SI"}]}</script>
<!-- / Yoast SEO plugin. -->

[:sl]Portret Adele Bloch-Bauer je naročil njen mož Ferdinand Bloch-Bauer, judovski bankir in proizvajalec sladkorja. Bila je edina ženska, ki jo je umetnik večkrat portretiral, pozirala je tudi za Judito s Holofernovo glavo. Njena pripravljenost, da Klimtu služi kot model (v času, ko so tako žensko ožigosali kot pocestnico), kaže na njuno izjemno intimno povezanost. Klimt jo je upodobil v dobesedno kraljevski drži. Njen obraz in roke so tako živi, kot si to lahko le želimo za portret, medtem, ko jo razkošno ozadje v zlatu in srebru povzdiguje v božanstvo. Sliko so nacisti leta 1941 ukradli in po vojni so se dediči dolga leta borili za lastništvo, o čemer je posnet tudi film »Dama v zlatu« s Helen Miren v glavni vlogi. Lastnosti:    Naslov dela: Adele Bloch-Bauer    Tehnika: Umetniška reprodukcija    Zunanja dimenzija: 25 x 30 cm; 16 x 29 cm    Omejena naklada     Eleganten, brezčasen dizajn    Idealno darilo za ljubitelje Klimta in klasike  [:]
