{"version":"1.0","provider_name":"Etnogalerija Skrina","provider_url":"https:\/\/skrina.si\/sl","author_name":"Milena","author_url":"https:\/\/skrina.si\/sl\/author\/milena\/","title":"Dama s klobukom - Etnogalerija Skrina","type":"rich","width":600,"height":338,"html":"<blockquote class=\"wp-embedded-content\" data-secret=\"Mnv4LbzgX2\"><a href=\"https:\/\/skrina.si\/sl\/product\/gustav-klimt-dama-s-klobukom-grafika\/\">Dama s klobukom<\/a><\/blockquote><iframe sandbox=\"allow-scripts\" security=\"restricted\" src=\"https:\/\/skrina.si\/sl\/product\/gustav-klimt-dama-s-klobukom-grafika\/embed\/#?secret=Mnv4LbzgX2\" width=\"600\" height=\"338\" title=\"&#8220;Dama s klobukom&#8221; &#8212; Etnogalerija Skrina\" data-secret=\"Mnv4LbzgX2\" frameborder=\"0\" marginwidth=\"0\" marginheight=\"0\" scrolling=\"no\" class=\"wp-embedded-content\"><\/iframe><script type=\"text\/javascript\">\n\/* <![CDATA[ *\/\n\/*! This file is auto-generated *\/\n!function(d,l){\"use strict\";l.querySelector&&d.addEventListener&&\"undefined\"!=typeof URL&&(d.wp=d.wp||{},d.wp.receiveEmbedMessage||(d.wp.receiveEmbedMessage=function(e){var t=e.data;if((t||t.secret||t.message||t.value)&&!\/[^a-zA-Z0-9]\/.test(t.secret)){for(var s,r,n,a=l.querySelectorAll('iframe[data-secret=\"'+t.secret+'\"]'),o=l.querySelectorAll('blockquote[data-secret=\"'+t.secret+'\"]'),c=new RegExp(\"^https?:$\",\"i\"),i=0;i<o.length;i++)o[i].style.display=\"none\";for(i=0;i<a.length;i++)s=a[i],e.source===s.contentWindow&&(s.removeAttribute(\"style\"),\"height\"===t.message?(1e3<(r=parseInt(t.value,10))?r=1e3:~~r<200&&(r=200),s.height=r):\"link\"===t.message&&(r=new URL(s.getAttribute(\"src\")),n=new URL(t.value),c.test(n.protocol))&&n.host===r.host&&l.activeElement===s&&(d.top.location.href=t.value))}},d.addEventListener(\"message\",d.wp.receiveEmbedMessage,!1),l.addEventListener(\"DOMContentLoaded\",function(){for(var e,t,s=l.querySelectorAll(\"iframe.wp-embedded-content\"),r=0;r<s.length;r++)(t=(e=s[r]).getAttribute(\"data-secret\"))||(t=Math.random().toString(36).substring(2,12),e.src+=\"#?secret=\"+t,e.setAttribute(\"data-secret\",t)),e.contentWindow.postMessage({message:\"ready\",secret:t},\"*\")},!1)))}(window,document);\n\/* ]]> *\/\n<\/script>\n","thumbnail_url":"https:\/\/skrina.si\/wp-content\/uploads\/2022\/07\/Gustav-Klimt-slika-Dama-s-klobukom-Etno-galerija-Skrina.jpg","thumbnail_width":2000,"thumbnail_height":1500,"description":"\"Dama s klobukom in pernato \u0161tolo\" je portret, kjer se je Klimt osredoto\u010dil predvsem na obraz, kar je za njegov slog dokaj nenavadno. Tudi perje je v nasprotju s Klimtovim obi\u010dajnim slogom in bolj spominja na dela\u00a0 Toulouse-Lautreca, ki si jih je Klimt ogledal leto prej v Parizu. Zasanjana, melanholi\u010dna dama\u00a0 z rde\u010dimi\u00a0 lasmi in nesorazmernim\u00a0 klobukom deluje umirjeno in spokojno, kar je tudi izjema med Klimtovimi portreti. Rahlo nagnjena glava vzbuja ob\u010dutek ponosa, njen videz je \u010duten, in samo ugibamo lahko ali so zaprte ustnice znak kljubovanja ali zapeljevanja. Moder klobuk poudarjajo stilizirane \u010drte, ki se ujemajo z ornamenti ob straneh. Kontrast med \u010drnim perjem in svilnatimi lasmi, obogatenimi z zlatimi kodri, pove\u010duje eleganco in vzvi\u0161enost. Lastnosti:    Naslov dela: Dama s klobukom in pernato \u0161tolo    Tehnika: Umetni\u0161ka reprodukcija    Zunanja dimenzija: 25 x 30 cm    Omejena naklada     Eleganten, brez\u010dasen dizajn    Idealno darilo za ljubitelje Klimta in klasike"}

"Dama s klobukom in pernato štolo" je portret, kjer se je Klimt osredotočil predvsem na obraz, kar je za njegov slog dokaj nenavadno. Tudi perje je v nasprotju s Klimtovim običajnim slogom in bolj spominja na dela  Toulouse-Lautreca, ki si jih je Klimt ogledal leto prej v Parizu. Zasanjana, melanholična dama  z rdečimi  lasmi in nesorazmernim  klobukom deluje umirjeno in spokojno, kar je tudi izjema med Klimtovimi portreti. Rahlo nagnjena glava vzbuja občutek ponosa, njen videz je čuten, in samo ugibamo lahko ali so zaprte ustnice znak kljubovanja ali zapeljevanja. Moder klobuk poudarjajo stilizirane črte, ki se ujemajo z ornamenti ob straneh. Kontrast med črnim perjem in svilnatimi lasmi, obogatenimi z zlatimi kodri, povečuje eleganco in vzvišenost. Lastnosti:    Naslov dela: Dama s klobukom in pernato štolo    Tehnika: Umetniška reprodukcija    Zunanja dimenzija: 25 x 30 cm    Omejena naklada     Eleganten, brezčasen dizajn    Idealno darilo za ljubitelje Klimta in klasike
